d by o(2)?
0
Let q(m) = -m**2 + 4*m - 3. Let s be q(2). Let l = 14 + s. What is the remainder when 57 is divided by l?
12
What is the remainder when 2*(-15)/10 - 44/(-2) is divided by 11?
8
Let x = -10 - -2. Let j = -4 - x. Calculate the remainder when 11 is divided by j.
3
Let u(t) = -t**3 - 7*t**2 + 3. What is the remainder when u(-7) is divided by 2?
1
Let a(o) = -o**2 + 8*o + 3. Let d(q) = -q**2 + 7*q + 6. Let h be d(6). Suppose 2*z - 2 - h = 0. What is the remainder when 19 is divided by a(z)?
9
Let n(r) = 19*r + 1. What is the remainder when n(2) is divided by 14?
11
Let s(y) = y**2 - 7*y - 5. Calculate the remainder when 0 + 2 + (2 - 0) is divided by s(8).
1
Let q = 1 + 28. Calculate the remainder when q is divided by 11.
7
Suppose 0 = 3*r - j - 53, 0 = -2*r + 2*j - 6 + 40. Calculate the remainder when 106 is divided by r.
16
Suppose -2*j = 5*y - 0*j - 26, -2*y - j + 11 = 0. What is the remainder when 15 is divided by y?
3
Let w(h) = -27*h - 1. Let r be w(1). Let a be 3 - (-1)/(2/(-24)). Let z = a - r. Calculate the remainder when z is divided by 7.
5
What is the remainder when (-1)/1*(-4 + -2) is divided by 5?
1
Let a = 41 - 36. What is the remainder when 33 is divided by a?
3
Calculate the remainder when 12 is divided by 4*6/4 - 1.
2
Let u(s) = s**3 - 10*s**2 - 10*s - 6. Let f be u(11). Suppose -v + 19 = f. Calculate the remainder when 123/(-2)*(-2)/3 is divided by v.
13
Let d(a) = a**2 + 4*a - 8. What is the remainder when 48 is divided by d(-7)?
9
Let x(c) = -4*c**3 + c**2 + c + 1. Let k be 4/(-22) - 210/(-66). Let v be 2/((-2)/(k + -2)). Calculate the remainder when 18 is divided by x(v).
3
Let v be 4 + -2 - (-1 + 4). Let j = v - -4. Suppose 0 = 7*c - j*c - 92. What is the remainder when c is divided by 12?
11
Let b(g) = 2*g**3 - 3*g**2 - 7*g + 10. Calculate the remainder when 23 is divided by b(3).
7
Let h(f) be the second derivative of -3*f**3/2 + 7*f**2 - 5*f. Calculate the remainder when h(-10) is divided by 35.
34
Let z(j) = -j**2 - 7*j. Let b be z(-6). Let h = b + 3. What is the remainder when 34 is divided by h?
7
Let g = -2 + 12. Let r = -369 + 375. Calculate the remainder when g is divided by r.
4
Let j = 18 + -4. Let a be (-2 + 76/6)*18. Suppose -5*z + 8 + a = 0. Calculate the remainder when z is divided by j.
12
Suppose n + 2*n = 15. Suppose n*m = 2*m + 6. Suppose 2*k = -2*o - m, -2*o = -0*o - 5*k - 26. Calculate the remainder when 4 is divided by o.
1
Let m be (-11)/55 - 189/5. Let v be (-2)/(-5) + (-754)/10. Let k = m - v. Calculate the remainder when k is divided by 19.
18
Suppose h - 150 = -3*j, 12 - 17 = 5*j. What is the remainder when h is divided by 22?
21
Suppose 0 = 4*v - 37 - 19. Let l = -25 - -51. Calculate the remainder when l is divided by v.
12
Suppose 0 = 5*p + 3*z - 51 - 12, z - 49 = -4*p. Calculate the remainder when 28 is divided by p.
4
Suppose -3*l = 2*z - 0*l - 18, -8 = 4*l. What is the remainder when (-1)/(2/(-30))*(-105)/(-45) is divided by z?
11
Suppose -12*u + 189 = 9*u. Calculate the remainder when 17 is divided by u.
8
Calculate the remainder when 1*((-850)/(-18) - (-6)/(-27)) is divided by 17.
13
Suppose 0 = -5*h + j + j + 166, 2*j - 38 = -h. Let q = h + -6. Suppose -3*i + i - 25 = -3*f, -4*f + 4*i + q = 0. Calculate the remainder when f is divided by 4.
3
Let s(t) be the third derivative of -t**4/12 - 2*t**3/3 - 4*t**2. Calculate the remainder when 38 is divided by s(-7).
8
Suppose -5*i + 921 = 156. What is the remainder when i is divided by 39?
36
Let s = -24 + 28. Let a(y) = 6*y - 16. Calculate the remainder when 15 + (0 - (-1 - -2)) is divided by a(s).
6
Suppose -5*q + 0*q + 15 = 0. What is the remainder when 2*45/2 - q is divided by 9?
6
Suppose -2*u - 2*m = 2*m - 100, 3*u + 4*m - 158 = 0. Calculate the remainder when u is divided by 12.
10
Suppose 2*a + 2*f - 142 = 0, 40 = 2*a + f - 105. Calculate the remainder when a is divided by 26.
22
Let j(g) = -23*g - 3. Suppose -3*x + 22 = 112. What is the remainder when j(-2) is divided by 2 + -2 + x/(-2)?
13
Let u(w) = w**2 - 7*w + 2. Let h be u(7). Suppose z = h - 1. What is the remainder when (-1 + 29 + 1)*z is divided by 10?
9
Suppose z + 45 = 4*z. What is the remainder when 44 is divided by z?
14
Let x(y) = y**3 + 4. Let o be x(0). Suppose v = o*v - 84. Calculate the remainder when v is divided by 3*(-1)/(-2)*10.
13
Suppose 0*c + 24 = 4*c. What is the remainder when ((-56)/21)/(2/(-12)) is divided by c?
4
Let w(b) = b - 2. Let o be w(5). Suppose 4*d - 52 = 5*q, -d - 3*d + 52 = o*q. Calculate the remainder when 36 is divided by d.
10
Let n(r) = 3*r**2 + 15*r - 10. Calculate the remainder when n(-9) is divided by 26.
20
Let d(c) = c**2 + 5*c + 5. Calculate the remainder when 80/3*((-48)/(-40) + 0) is divided by d(-6).
10
Let d(a) = -a**3 + 13*a**2 + 7*a - 19. Let q be d(13). Suppose 4*f - q = 44. Calculate the remainder when f is divided by 15.
14
Let g(y) = y + 29. Calculate the remainder when g(13) is divided by 11.
9
Let s(g) = -2*g**2 - 7*g + 1. Let k(f) = f - 1. Let n(t) = -2*k(t) - s(t). Calculate the remainder when (-2 - (-5 + 7))*(-19)/2 is divided by n(-4).
12
What is the remainder when 7 is divided by 2/(-5) - (-242)/55?
3
Let i = -8 - -32. Let h(k) = k**3 - 6*k**2 - 20*k + 8. Calculate the remainder when h(9) is divided by i.
23
Calculate the remainder when (-908)/(-28) + 12/21 is divided by 7.
5
Let o(c) = -9*c - 13. Let h be o(-12). Suppose -u - h = -6*u. Calculate the remainder when u is divided by 11.
8
Let j(w) = w**3 + 6*w**2 - 9*w - 5. Let z(a) = 1. Let b(t) = -2*t - 2. Let d(h) = -b(h) - z(h). Calculate the remainder when d(8) is divided by j(-7).
8
Suppose -o = 5, 5*x + 3*o - 8*o = 75. Let v(r) = r**2 - 13*r + 5*r - 7 + 2. Calculate the remainder when v(11) is divided by x.
8
Let d = 2 + 0. Suppose d*h - 6*i = -4*i - 34, -h + 2*i = 17. Let l = -12 - h. Calculate the remainder when l is divided by 3.
2
Suppose -y + f = 13 - 2, 2*y - 3*f = -17. Let h = 29 + y. What is the remainder when (-3)/(-6) + (-196)/(-8) is divided by h?
12
Let r(p) = -p - 2. Let j be r(-5). Suppose 3*v + 2*x + 42 = 5*v, -j*x = -4*v + 82. Calculate the remainder when 56 is divided by v.
18
Let j = 202 + -130. What is the remainder when j is divided by 25?
22
Let q = 15 + 2. Calculate the remainder when q is divided by 6.
5
Suppose u + 5*a = -5, -2*u + 2*a - 3*a = -8. Suppose 0 = -10*s + u*s + 5. Let r = -1 + 3. What is the remainder when r is divided by s?
0
Calculate the remainder when -2 - 1 - (15/(-5) - 63) is divided by 33.
30
Let k = 20 + -17. Suppose 9 = -2*g + k*g. Calculate the remainder when 15 is divided by g.
6
Suppose -5*u - 4*t + 150 = 0, -2*t + 105 - 17 = 3*u. Suppose 3*d - u = d. Calculate the remainder when 24 is divided by d.
11
Let j(m) = -m**2 + 3*m - 2. Let x be j(3). Let w = x - -8. Calculate the remainder when w is divided by 3.
0
Let v = 10 + -11. Let y = v + 5. What is the remainder when -1 - (-3)/(6/16) is divided by y?
3
Suppose c - 13 = 17. Suppose -4*m = s - 469, 16*s - 339 = -3*m + 11*s. What is the remainder when m is divided by c?
28
Let l = 9 + -7. Calculate the remainder when 26 is divided by 70/l*4/10.
12
Suppose 10*v + 10 = 8*v. Let c(a) = 6*a**2 + 2*a - 1. Let x be c(2). Let i = v + x. What is the remainder when i is divided by 12?
10
Let c(y) = -2*y + 1. Let n be c(-3). Let b = n + 22. Suppose -x - 3*p - p + 30 = 0, -15 = -3*p. Calculate the remainder when b is divided by x.
9
Suppose -8*r + 593 = 81. Calculate the remainder when r is divided by 23.
18
Let n(l) = l**2 - l + 1. What is the remainder when 8 is divided by n(3)?
1
Suppose 0 = 4*a - 4*y - 80, 0 = 4*a + 5*y - 43 + 8. Calculate the remainder when ((-1)/2)/(2/(-220)) is divided by a.
10
Suppose 4*b = 474 + 886. Suppose 7*w - 2*w = b. Calculate the remainder when w is divided by 23.
22
Suppose -g + 3*k + 12 = -24, g - 5*k - 46 = 0. What is the remainder when 39 is divided by g?
18
Let s be (42/(-4))/(12/(-80)). Suppose 4*i + i = s. Calculate the remainder when 55 is divided by i.
13
Suppose -9*q = -14*q + 300. Suppose 14*d - 9*d = q. What is the remainder when 44 is divided by d?
8
Suppose 5*a + 5*o = 25, -2*a - 5*o + 7 = -6*a. What is the remainder when a is divided by 2?
0
Suppose 3*v + 2*j - 28 = 0, 2*j = 2*v + 2*v - 56. Let n = v - 4. Calculate the r